 - 11. What is the tens digit of r?
4
Let f = 1141 - -948. What is the hundreds digit of f?
0
Let w(v) = 19*v**2 - 11*v + 74. What is the hundreds digit of w(8)?
2
Suppose -43160 = -4*r - 22*r. What is the thousands digit of r?
1
Let l = 164 + -117. Let p = l - -13. What is the tens digit of 32/(-12)*p/(-8)?
2
Let p = 21 - 19. Suppose -p*v = v - x - 196, -2*x + 312 = 5*v. What is the tens digit of v?
6
Let r = -254 - -387. What is the tens digit of r?
3
Suppose 5*p - 5916 = -4*u + 2011, -4*u = 8. What is the tens digit of p?
8
Suppose -4*x - 5*n + 4605 = 0, -2*n + 3591 = 3*x + 146. What is the units digit of x?
5
Suppose -2*f + 4*k + 16 = 0, 3 = -k - 0. Let i be 1/((-1)/17)*-1. Suppose 5*n - f*y - i = 0, -3*n + 8*y = 3*y - 14. What is the units digit of n?
3
Let z = -178 - -720. What is the tens digit of z?
4
Let l = 8252 - 5256. What is the thousands digit of l?
2
Let m be (0/(-15))/(1 + 0). Suppose -f + 5*f + 28 = m. Let b = 49 + f. What is the tens digit of b?
4
Suppose -2*p - 90 - 2052 = -4*g, -4*p = 4*g - 2112. What is the units digit of g?
3
Let k(c) = -5*c - 3. Let o be k(3). Let m = o - -102. What is the units digit of m?
4
Let m = -3 - -5. Suppose -6*w + 12 = -m*w. Suppose 6*s = w*s + 48. What is the units digit of s?
6
Suppose -24996 = -46*k + 26524. What is the tens digit of k?
2
Suppose -22*b - 315 = -27*b. What is the tens digit of ((-96)/14)/((-6)/b)?
7
Suppose -8*v + 17 + 23 = 0. Suppose -v*b + l + 610 = 0, -3*b - 2*b - 2*l = -610. What is the hundreds digit of b?
1
Let q(o) = o**2 - 5*o + 9. Let u be q(2). Suppose 184 = -u*l + 4*l. What is the units digit of l?
4
Let r = -51 - -56. What is the tens digit of (-182)/(-5) - (-3)/r?
3
Let u be 18/2*(3/(-1) + 4). Suppose 0 = -u*j + 582 + 1515. What is the hundreds digit of j?
2
Suppose 2*o + 3*g - 695 = -0*g, 0 = -4*g + 4. What is the units digit of o?
6
Let h(i) = 2 - 1 + 1 + 5*i. Let q be h(11). Suppose 5*c + 29 = m, 5*m = -c + q + 88. What is the units digit of m?
9
Let t(q) = -9*q**2 + 2*q + 2. Let l = 19 + -17. Let k be t(l). Let v = 50 + k. What is the tens digit of v?
2
Let b be -1 - 1/(1/(-5)). Suppose k - 2*c - 1 = 0, -c + 4*c = -b*k + 26. Suppose k*w + 5*j = 175, -5*w - 6*j + 170 = -2*j. What is the tens digit of w?
3
Let j = 2556 - 638. What is the hundreds digit of j?
9
Suppose -3*j - j + 106 = q, 0 = -4*q - 5*j + 402. What is the tens digit of q?
9
What is the tens digit of ((-107705)/(-20))/13 - (-1)/(-4)?
1
Let q = -82 + 68. Let y = -11 - q. What is the units digit of y?
3
Suppose 0 = 3*q + 2*q + 4*s - 1286, 2*s = 5*q - 1292. What is the hundreds digit of q?
2
Suppose 2*w = 5*w + 3. Let z = w - -3. Suppose 4*m - 120 = -3*p - p, 5*p - z*m - 129 = 0. What is the tens digit of p?
2
Suppose -k = -4*k + 507. What is the units digit of k?
9
Suppose -7*r - 365 = -6343. What is the units digit of r?
4
Let a(m) = 9*m - 9. Let p(j) = -10*j + 9. Let o(i) = -6*a(i) - 5*p(i). Let g = -11 - -7. What is the tens digit of o(g)?
2
Suppose 5*q = -15 - 15. Let t(n) = -18*n - 13. What is the tens digit of t(q)?
9
Suppose -q + 5 = -l - 0*q, 4*l + 14 = -2*q. Let p be 14*(l - 0 - 0). What is the units digit of (6 + 1)*(-48)/p?
6
Let u(t) = -t**3 - 10*t**2 - 10*t + 10. Let w be u(-8). Let l = 185 + -122. Let r = l + w. What is the units digit of r?
5
Suppose 349 = y - 245. What is the tens digit of y?
9
Suppose 138*d - 145*d + 24808 = 0. What is the thousands digit of d?
3
Let o be 1 + 6*652/8. Let k = o - 331. What is the tens digit of k?
5
Suppose 0*j + 4*n = 5*j - 75, 2*j - 28 = 2*n. Suppose j*u + 294 = 20*u. Suppose -5*l = 99 - u. What is the units digit of l?
9
Let x(l) = 25 + 498*l - 4 - 510*l. What is the tens digit of x(-8)?
1
Let x = 5082 - 3482. What is the units digit of x?
0
Let j(k) = k**2 - 12*k + 5. Let i be j(11). Let g(v) = -v**2 + 7*v. Let a be g(i). What is the units digit of (-3)/6*6 - a?
5
Let f = 42 - -117. Let j = f + -27. What is the tens digit of j?
3
Let n(x) = 6*x - 13. Let o be n(3). What is the units digit of (2 + 22/(-8))/(o/(-20))?
3
Let u be (-7)/(-2) - 2/(-4). Suppose 40 = -u*d + 16. What is the tens digit of d/8 + (-55)/(-4)?
1
Let g(f) = -17*f**3 + f + 19. What is the units digit of g(-3)?
5
Let m = -53 - -57. What is the units digit of (m - 1) + 220/4?
8
Let r(f) = -f**3 - 14*f**2 - 12*f + 19. Let y be r(-13). Suppose h = 50 - y. Let b = h + 3. What is the tens digit of b?
4
Let j be (-3)/(-15) - 168/(-10). Suppose -j*t + 35 = -12*t. Let y = t - 3. What is the units digit of y?
4
Suppose 3*n = 645 + 603. Suppose -35*q = -31*q - n. What is the units digit of q?
4
Let s be (5/4)/5 + (-81)/(-12). Let i = 22 - s. What is the units digit of i?
5
Suppose -4*x + 6 = 30. What is the units digit of 14*(-1)/4*x?
1
Let h = -3 - -12. What is the units digit of 12/h + 6/9?
2
Suppose 0 = -14*p + 10*p + 96. Suppose 4 - p = -5*n. What is the units digit of n?
4
Suppose -913 = -20*z + 1087. What is the tens digit of z?
0
Suppose -26*h + 675 = -21*h. What is the units digit of (h/(-20) + 5)*16*-6?
8
Let f = 764 + -103. What is the hundreds digit of f?
6
Let v(y) = y**3 + 8*y**2 + 3*y - 64. What is the units digit of v(8)?
4
Suppose 0 = p + 3*n + 10, 2 = p - 4*n - 16. Let x(c) = -3*c**3 + 3*c**2 - 5*c + 4. Let b be x(p). What is the units digit of 258/54 + (-4)/b?
5
What is the tens digit of 297/(-198) + (-546)/(-4)?
3
What is the tens digit of 378*-15*4/(-70)?
2
Let b = 2539 - 1672. What is the tens digit of b?
6
Suppose 3*s - n = 4*n + 5404, 5*s - 4*n - 9024 = 0. What is the hundreds digit of s?
8
Let w(l) = 41*l + 60. What is the tens digit of w(8)?
8
Suppose 3*h + h - 7636 = -z, 0 = 2*h + 4*z - 3818. What is the thousands digit of h?
1
Let t = -311 - -216. Let g = t + 137. Suppose -4*k = g - 166. What is the units digit of k?
1
Let q(b) = b**2 + b - 56. Let t = 10 - -2. What is the tens digit of q(t)?
0
Let v be ((0 - -1) + 0)/(5/1210). Suppose 0 = -2*n + 4, 3*y - 3*n - v = y. What is the units digit of y?
4
What is the tens digit of ((-25520)/(-6))/4*228/190?
7
Let q = 52 - 35. Let r = 8 + q. What is the units digit of r?
5
Suppose 2*w = -5*b + 58, 4*w = 3*b + 20 - 60. Let m(q) = 2*q**2 - 14*q - 8. What is the tens digit of m(b)?
1
Suppose -9634 = -6*n + 1334. What is the thousands digit of n?
1
Let q(k) = -k**3 - 7*k**2 - 5*k + 15. What is the tens digit of q(-9)?
2
Suppose -8 = 2*w, -51*j + 55*j - 3*w - 364 = 0. What is the tens digit of j?
8
Let r(p) = -6*p**3 + 5*p**2 + 21*p + 39. What is the tens digit of r(-7)?
9
What is the units digit of (6/8)/(-4 - (-8262)/2064)?
8
Let d be 1/((3/64)/3). What is the units digit of (-2)/(-7) - (-3 + d/28)?
1
Suppose 6*m - 5*m = 0. Suppose 5 = j - m. What is the tens digit of (-2 - -64)/(-3 + j)?
3
Let c = -6127 + 11057. What is the thousands digit of c?
4
Suppose -4*j = -6*j. Let l = -13 + 21. Let o = l - j. What is the units digit of o?
8
Let z be (-9 + 9)/(3 - 1). Suppose 3*s - 50 - 52 = z. What is the units digit of s?
4
Suppose -3*l + 2*z + 58 = -0*z, l = 5*z + 41. Suppose 6*v + 150 = l*v. What is the tens digit of v?
1
Let q(o) = -o**3 + 5*o**2 - 5. Let l be q(5). Let p(c) = 2*c - 23*c - c + 11*c + 1. What is the tens digit of p(l)?
5
Let z(a) = a**2 - 14*a - 25. What is the hundreds digit of z(-11)?
2
Let h(x) be the first derivative of -x**4/4 + 7*x**3/3 - 3*x**2/2 + x - 5. What is the units digit of h(6)?
9
Let y = -247 + 506. Suppose -5*f + y + 201 = 0. What is the units digit of f?
2
Let h(m) = 2*m**2 - m + 29. Let n be h(0). Suppose p - n = -0*p. What is the units digit of p?
9
Let m(b) = -843*b**3 + 6*b + 5. What is the units digit of m(-1)?
2
Suppose 13*j = 16*j, 3*o - 7356 = -4*j. What is the units digit of o?
2
Suppose 33*t - 64500 = -17*t. What is the hundreds digit of t?
2
What is the hundreds digit of 1672 + 2*(-55)/10?
6
What is the thousands digit of 112356/45 + 12/10?
2
Suppose -2*r - c = -2668 - 849, 0 = -5*c + 25. What is the tens digit of r?
5
Suppose r - 5*j - 1289 = 382, -5*r + 8376 = -4*j. What is the units digit of r?
6
Suppose -o = 7 - 9. Suppose -144 = o*x - 346. Let u = x + -38. What is the units digit of u?
3
Let f(g) = g**2 + 7*g + 6. Let w be f(-6). Suppose -5*k + l + 104 = w, 2*k - 31 = 5*l + 6. What is the units digit of k?
1
Let x(p) = p**3 + 16*p**2 + 15*p + 22. Let s = -69 + 99. Suppos